{"id":43,"date":"2023-09-23T16:39:25","date_gmt":"2023-09-23T14:39:25","guid":{"rendered":"https:\/\/www.pensionfelinebretagnecentre.com\/pfbc\/?page_id=43"},"modified":"2023-09-25T14:14:33","modified_gmt":"2023-09-25T12:14:33","slug":"prestations","status":"publish","type":"page","link":"https:\/\/www.pensionfelinebretagnecentre.com\/pfbc\/?page_id=43","title":{"rendered":"PRESTATIONS\/TARIFS"},"content":{"rendered":"\n<div class=\"wp-block-media-text is-stacked-on-mobile\"><figure class=\"wp-block-media-text__media\"><img loading=\"lazy\" decoding=\"async\" width=\"1024\" height=\"758\" src=\"https:\/\/www.pensionfelinebretagnecentre.com\/pfbc\/wp-content\/uploads\/2023\/09\/379660814_704345978403598_5964940121280182268_n-1-1024x758.jpg\" alt=\"\" class=\"wp-image-71 size-full\" srcset=\"https:\/\/www.pensionfelinebretagnecentre.com\/pfbc\/wp-content\/uploads\/2023\/09\/379660814_704345978403598_5964940121280182268_n-1-1024x758.jpg 1024w, https:\/\/www.pensionfelinebretagnecentre.com\/pfbc\/wp-content\/uploads\/2023\/09\/379660814_704345978403598_5964940121280182268_n-1-600x444.jpg 600w, https:\/\/www.pensionfelinebretagnecentre.com\/pfbc\/wp-content\/uploads\/2023\/09\/379660814_704345978403598_5964940121280182268_n-1-300x222.jpg 300w, https:\/\/www.pensionfelinebretagnecentre.com\/pfbc\/wp-content\/uploads\/2023\/09\/379660814_704345978403598_5964940121280182268_n-1-768x568.jpg 768w, https:\/\/www.pensionfelinebretagnecentre.com\/pfbc\/wp-content\/uploads\/2023\/09\/379660814_704345978403598_5964940121280182268_n-1.jpg 1080w\" sizes=\"auto, (max-width: 1024px) 100vw, 1024px\" \/><\/figure><div class=\"wp-block-media-text__content\">\n<p class=\"has-text-align-left has-foreground-color has-text-color has-large-font-size\"><strong>H\u00e9bergement de vos chats en boxe individuel<\/strong> <strong>\u00e0 la pension<\/strong><\/p>\n\n\n\n<div class=\"wp-block-buttons is-layout-flex wp-block-buttons-is-layout-flex\">\n<div class=\"wp-block-button is-style-outline is-style-outline--1\"><a class=\"wp-block-button__link has-text-color wp-element-button\" href=\"https:\/\/www.pensionfelinebretagnecentre.com\/pfbc\/?page_id=10026\" style=\"color:#b4c408\">Lire la suite<\/a><\/div>\n<\/div>\n<\/div><\/div>\n\n\n\n<div class=\"wp-block-media-text has-media-on-the-right is-stacked-on-mobile\"><div class=\"wp-block-media-text__content\">\n<p class=\"has-foreground-color has-text-color has-large-font-size\"><strong>Visites de vos chats \u00e0 domicile<\/strong><\/p>\n\n\n\n<div class=\"wp-block-buttons is-layout-flex wp-block-buttons-is-layout-flex\">\n<div class=\"wp-block-button is-style-outline is-style-outline--2\"><a class=\"wp-block-button__link has-tertiary-background-color has-text-color has-background wp-element-button\" href=\"https:\/\/www.pensionfelinebretagnecentre.com\/pfbc\/?page_id=10041\" style=\"color:#b4c408\">Lire la suite<\/a><\/div>\n<\/div>\n<\/div><figure class=\"wp-block-media-text__media\"><img loading=\"lazy\" decoding=\"async\" width=\"1024\" height=\"768\" src=\"https:\/\/www.pensionfelinebretagnecentre.com\/pfbc\/wp-content\/uploads\/2023\/09\/FB_IMG_1695634137692-1024x768.jpg\" alt=\"visites \u00e0 domicile pour chat pension f\u00e9line bretagne centre c\u00f4tes d'armor Morbihan\" class=\"wp-image-10044 size-full\" srcset=\"https:\/\/www.pensionfelinebretagnecentre.com\/pfbc\/wp-content\/uploads\/2023\/09\/FB_IMG_1695634137692-1024x768.jpg 1024w, https:\/\/www.pensionfelinebretagnecentre.com\/pfbc\/wp-content\/uploads\/2023\/09\/FB_IMG_1695634137692-600x450.jpg 600w, https:\/\/www.pensionfelinebretagnecentre.com\/pfbc\/wp-content\/uploads\/2023\/09\/FB_IMG_1695634137692-300x225.jpg 300w, https:\/\/www.pensionfelinebretagnecentre.com\/pfbc\/wp-content\/uploads\/2023\/09\/FB_IMG_1695634137692-768x576.jpg 768w, https:\/\/www.pensionfelinebretagnecentre.com\/pfbc\/wp-content\/uploads\/2023\/09\/FB_IMG_1695634137692.jpg 1080w\" sizes=\"auto, (max-width: 1024px) 100vw, 1024px\" \/><\/figure><\/div>\n\n\n\n<div class=\"wp-block-media-text is-stacked-on-mobile\"><figure class=\"wp-block-media-text__media\"><img loading=\"lazy\" decoding=\"async\" width=\"456\" height=\"342\" src=\"https:\/\/www.pensionfelinebretagnecentre.com\/pfbc\/wp-content\/uploads\/2020\/10\/120703376_492009118536235_4035902775803328045_n-1.jpg\" alt=\"PROMENADE CHIEN PENSION FELINE BRETAGNE CENTRE\" class=\"wp-image-3542 size-full\" srcset=\"https:\/\/www.pensionfelinebretagnecentre.com\/pfbc\/wp-content\/uploads\/2020\/10\/120703376_492009118536235_4035902775803328045_n-1.jpg 456w, https:\/\/www.pensionfelinebretagnecentre.com\/pfbc\/wp-content\/uploads\/2020\/10\/120703376_492009118536235_4035902775803328045_n-1-300x225.jpg 300w\" sizes=\"auto, (max-width: 456px) 100vw, 456px\" \/><\/figure><div class=\"wp-block-media-text__content\">\n<p class=\"has-foreground-color has-text-color has-large-font-size\"><strong>Promenades petits et moyens chiens<\/strong><\/p>\n\n\n\n<div class=\"wp-block-buttons is-layout-flex wp-block-buttons-is-layout-flex\">\n<div class=\"wp-block-button is-style-outline is-style-outline--3\"><a class=\"wp-block-button__link has-text-color wp-element-button\" href=\"https:\/\/www.pensionfelinebretagnecentre.com\/pfbc\/?page_id=10048\" style=\"color:#b4c408\">Lire la suite<\/a><\/div>\n<\/div>\n<\/div><\/div>\n\n\n\n<div class=\"wp-block-media-text has-media-on-the-right is-stacked-on-mobile\"><div class=\"wp-block-media-text__content\">\n<p class=\"has-text-align-left has-foreground-color has-text-color has-large-font-size\"><strong>Transport de vos chats<\/strong><\/p>\n\n\n\n<div class=\"wp-block-buttons is-layout-flex wp-block-buttons-is-layout-flex\">\n<div class=\"wp-block-button is-style-outline is-style-outline--4\"><a class=\"wp-block-button__link has-text-color wp-element-button\" href=\"https:\/\/www.pensionfelinebretagnecentre.com\/pfbc\/?page_id=10052\" style=\"color:#b4c408\">Lire la suite<\/a><\/div>\n<\/div>\n<\/div><figure class=\"wp-block-media-text__media\"><img loading=\"lazy\" decoding=\"async\" width=\"414\" height=\"275\" src=\"https:\/\/www.pensionfelinebretagnecentre.com\/pfbc\/wp-content\/uploads\/2023\/09\/medium-1366_23779-un-chat-dans-une-cage-installee-et-attachee-sur-le-siege-arriere-d-une-voiture.jpg\" alt=\"transport chat pension f\u00e9line bretagne centre\" class=\"wp-image-10053 size-full\" srcset=\"https:\/\/www.pensionfelinebretagnecentre.com\/pfbc\/wp-content\/uploads\/2023\/09\/medium-1366_23779-un-chat-dans-une-cage-installee-et-attachee-sur-le-siege-arriere-d-une-voiture.jpg 414w, https:\/\/www.pensionfelinebretagnecentre.com\/pfbc\/wp-content\/uploads\/2023\/09\/medium-1366_23779-un-chat-dans-une-cage-installee-et-attachee-sur-le-siege-arriere-d-une-voiture-300x199.jpg 300w\" sizes=\"auto, (max-width: 414px) 100vw, 414px\" \/><\/figure><\/div>\n\n\n\n<pre class=\"wp-block-preformatted\"><\/pre>\n\n\n\n<p><\/p>\n\n\n\n<div class=\"wp-block-group alignwide is-layout-flow wp-block-group-is-layout-flow\">\n<div class=\"wp-block-columns is-layout-flex wp-container-core-columns-is-layout-28f84493 wp-block-columns-is-layout-flex\">\n<div class=\"wp-block-column is-vertically-aligned-bottom is-layout-flow wp-block-column-is-layout-flow\"><\/div>\n<\/div>\n<\/div>\n","protected":false},"excerpt":{"rendered":"","protected":false},"author":1,"featured_media":0,"parent":0,"menu_order":0,"comment_status":"closed","ping_status":"closed","template":"","meta":{"footnotes":""},"class_list":["post-43","page","type-page","status-publish","hentry"],"jetpack_sharing_enabled":true,"_links":{"self":[{"href":"https:\/\/www.pensionfelinebretagnecentre.com\/pfbc\/index.php?rest_route=\/wp\/v2\/pages\/43","targetHints":{"allow":["GET"]}}],"collection":[{"href":"https:\/\/www.pensionfelinebretagnecentre.com\/pfbc\/index.php?rest_route=\/wp\/v2\/pages"}],"about":[{"href":"https:\/\/www.pensionfelinebretagnecentre.com\/pfbc\/index.php?rest_route=\/wp\/v2\/types\/page"}],"author":[{"embeddable":true,"href":"https:\/\/www.pensionfelinebretagnecentre.com\/pfbc\/index.php?rest_route=\/wp\/v2\/users\/1"}],"replies":[{"embeddable":true,"href":"https:\/\/www.pensionfelinebretagnecentre.com\/pfbc\/index.php?rest_route=%2Fwp%2Fv2%2Fcomments&post=43"}],"version-history":[{"count":22,"href":"https:\/\/www.pensionfelinebretagnecentre.com\/pfbc\/index.php?rest_route=\/wp\/v2\/pages\/43\/revisions"}],"predecessor-version":[{"id":10056,"href":"https:\/\/www.pensionfelinebretagnecentre.com\/pfbc\/index.php?rest_route=\/wp\/v2\/pages\/43\/revisions\/10056"}],"wp:attachment":[{"href":"https:\/\/www.pensionfelinebretagnecentre.com\/pfbc\/index.php?rest_route=%2Fwp%2Fv2%2Fmedia&parent=43"}],"curies":[{"name":"wp","href":"https:\/\/api.w.org\/{rel}","templated":true}]}}