{"id":10052,"date":"2023-09-25T12:15:36","date_gmt":"2023-09-25T10:15:36","guid":{"rendered":"https:\/\/www.pensionfelinebretagnecentre.com\/pfbc\/?page_id=10052"},"modified":"2026-01-06T17:32:33","modified_gmt":"2026-01-06T16:32:33","slug":"transport-de-votre-chat","status":"publish","type":"page","link":"https:\/\/www.pensionfelinebretagnecentre.com\/pfbc\/?page_id=10052","title":{"rendered":"Transport de votre chat"},"content":{"rendered":"<h2 style=\"text-align: center;\">Transport de votre chat<\/h2>\n<p>Un RDV chez le v\u00e9t\u00e9rinaire que vous ne pouvez pas honorer ? Une immobilisation permanente ou ponctuelle ?<\/p>\n<p>Impr\u00e9vus ou manque de temps, les raisons de faire appel \u00e0 notre service de transport de chat ne manquent pas.<\/p>\n<p>Ainsi nous vous proposons de venir chercher votre chat chez vous et de vous le ramener dans la limite de 60 kms par trajet (aller et retour)<\/p>\n<p><strong><em>Exemple<\/em> : votre chat a rdv chez le v\u00e9t\u00e9rinaire et vous \u00eates au travail ou dans l&rsquo;incapacit\u00e9 de conduire<\/strong><\/p>\n<p>Le trajet entre votre domicile et le v\u00e9t\u00e9rinaire ne doit pas d\u00e9passer 60 kms aller-retour<\/p>\n<ul>\n<li>Je viens chercher votre boule de poil chez vous<\/li>\n<li>Je l&rsquo;accompagne chez le v\u00e9t\u00e9rinaire<\/li>\n<li>Je le ram\u00e8ne ensuite chez vous<\/li>\n<\/ul>\n<h2 style=\"text-align: center;\">Tarifs transport de votre chat<\/h2>\n<p>D\u00e9placement : 0, 70 \u20ac par kilom\u00e8tre parcouru<\/p>\n<p>Temps pass\u00e9 : 10 \u20ac par demi-heure pass\u00e9e (demi-heure entam\u00e9e, demi-heure pay\u00e9e)<\/p>\n","protected":false},"excerpt":{"rendered":"<p>Transport de votre chat Un RDV chez le v\u00e9t\u00e9rinaire que vous ne pouvez pas honorer ? Une immobilisation permanente ou ponctuelle ? Impr\u00e9vus ou manque de temps, les raisons de faire appel \u00e0 notre service de transport de chat ne manquent pas. Ainsi nous vous proposons de venir chercher votre chat chez vous et de [&hellip;]<\/p>\n","protected":false},"author":1,"featured_media":10053,"parent":0,"menu_order":0,"comment_status":"closed","ping_status":"closed","template":"","meta":{"footnotes":""},"class_list":["post-10052","page","type-page","status-publish","has-post-thumbnail","hentry"],"jetpack_sharing_enabled":true,"_links":{"self":[{"href":"https:\/\/www.pensionfelinebretagnecentre.com\/pfbc\/index.php?rest_route=\/wp\/v2\/pages\/10052","targetHints":{"allow":["GET"]}}],"collection":[{"href":"https:\/\/www.pensionfelinebretagnecentre.com\/pfbc\/index.php?rest_route=\/wp\/v2\/pages"}],"about":[{"href":"https:\/\/www.pensionfelinebretagnecentre.com\/pfbc\/index.php?rest_route=\/wp\/v2\/types\/page"}],"author":[{"embeddable":true,"href":"https:\/\/www.pensionfelinebretagnecentre.com\/pfbc\/index.php?rest_route=\/wp\/v2\/users\/1"}],"replies":[{"embeddable":true,"href":"https:\/\/www.pensionfelinebretagnecentre.com\/pfbc\/index.php?rest_route=%2Fwp%2Fv2%2Fcomments&post=10052"}],"version-history":[{"count":2,"href":"https:\/\/www.pensionfelinebretagnecentre.com\/pfbc\/index.php?rest_route=\/wp\/v2\/pages\/10052\/revisions"}],"predecessor-version":[{"id":11484,"href":"https:\/\/www.pensionfelinebretagnecentre.com\/pfbc\/index.php?rest_route=\/wp\/v2\/pages\/10052\/revisions\/11484"}],"wp:featuredmedia":[{"embeddable":true,"href":"https:\/\/www.pensionfelinebretagnecentre.com\/pfbc\/index.php?rest_route=\/wp\/v2\/media\/10053"}],"wp:attachment":[{"href":"https:\/\/www.pensionfelinebretagnecentre.com\/pfbc\/index.php?rest_route=%2Fwp%2Fv2%2Fmedia&parent=10052"}],"curies":[{"name":"wp","href":"https:\/\/api.w.org\/{rel}","templated":true}]}}